/120 - i**4/6 - i**3/3 - 3. Let v(g) be the third derivative of m(g). Calculate v(3).
-1
Suppose 0 = -5*s + 2 + 8. Let w(a) = 4*a + 0*a**2 + 1 - a**s - 3. Suppose 2*x - 9 = -x. Calculate w(x).
1
Let b(h) be the second derivative of h**5/10 + h**4/3 + h**3/6 + 3*h**2/2 - 10*h. What is b(-3)?
-18
Let o = -5 + 11. Let f(h) = -7*h**2 - 2*h + 13. Let k(i) = 6*i**2 + i - 12. Let m(q) = -5*f(q) - 6*k(q). Determine m(o).
-5
Let s(u) = -2*u. Let v(h) = -15*h. Let o(y) = 20*s(y) - 3*v(y). Give o(-1).
-5
Let f be (-24)/(-14) - (-4)/14. Let y be (1/(1/(-2)))/f. Let h = -5 - y. Let l(v) = -v - 1. Determine l(h).
3
Let y(a) = -a**3 + a**2 + 2*a - 3. Let x be y(2). Let c = 6 + x. Let m(l) be the third derivative of l**4/12 - l**3/6 - 3*l**2 + 3*l. What is m(c)?
5
Let b(u) = 7*u - 9. Let y(g) = -g + 1. Let v(o) = -b(o) - 5*y(o). Determine v(5).
-6
Suppose 2*m + 8 + 8 = 5*j, 4*j + m = 5. Suppose 7*l - 4*l - 9 = -j*g, 3 = l - g. Suppose 2*b - 4 = l*b. Let q(z) = z**2 + 4*z + 1. Determine q(b).
1
Let g be (-58)/(-4) + (-1)/2. Let w = g + -10. Let y(s) = 5*s + 3*s**2 - 4*s**2 + 1 + 1. What is y(w)?
6
Let z(i) = 3 - 2*i**3 + 5*i**3 - i - 2*i**3 + 5*i**2. Calculate z(-5).
8
Let f(n) = -n + 1. Let g(y) = y**2 - 6*y + 4. Let w(s) = 6*f(s) - g(s). Suppose 0 = q + i - 15 + 11, 4*q = -i + 10. Determine w(q).
-2
Let s = 7 - 4. Let z = s - 4. Let j(x) = -7*x**2 - 4*x + 5. Let u(c) = c - 1. Let g(y) = -j(y) - 4*u(y). Give g(z).
6
Suppose 3*d - 2*t - t = 15, 4*d - 14 = 2*t. Let b(x) be the third derivative of 0*x + 0*x**4 - x**d - 1/60*x**5 - 2/3*x**3 + 0. Calculate b(0).
-4
Let b(s) = s + 5. Suppose -4*n + 24 - 220 = 0. Let c = -29 - n. Let i be (-8)/c - (-2)/5. Calculate b(i).
5
Let l(g) be the third derivative of g**5/60 - g**4/8 + 4*g**2. Determine l(3).
0
Suppose 2*y = -4*t - 5 + 1, -5*t + 2*y - 5 = 0. Let x be t/(-6) - (-10)/(-60). Let k(o) = -o + 6. Calculate k(x).
6
Let m be 9/6*(-4)/(-3). Let n(v) = v - 1 + 4*v**m + 4*v - 5*v**2. Calculate n(5).
-1
Let u(n) be the third derivative of 3*n**5/20 - 11*n**4/24 - n**3/6 - 7*n**2. Let f(o) = 4*o**2 - 5*o - 1. Let b(y) = -5*f(y) + 2*u(y). Calculate b(3).
-6
Let y(o) be the second derivative of o**4/12 + o**3/6 - 7*o**2/2 + 9*o. Determine y(0).
-7
Let t = 5 + -3. Let g be (0 - 2/4)*0. Let x(u) = g*u + u**2 - 2*u**2 - u. Give x(t).
-6
Let a(l) be the third derivative of -l**4/24 + l**3/3 + 2*l**2. Let c be a(-11). Let j(n) = 3*n + 5 - c - 4*n + 0*n. Give j(-5).
-3
Let x(r) = r**2 - r + 1. Let p be 0/2 - (-2 - -2). Suppose -l - l - 8 = p. Let t = l - -7. Give x(t).
7
Let m(p) = 8*p - 5*p**3 + 2*p - 3 + 5 - 12*p**2. Let h(z) = -2*z**3 - 6*z**2 + 5*z + 1. Let d be (3/(-4))/(6/24). Let c(b) = d*m(b) + 7*h(b). Calculate c(5).
1
Let o(u) = -u**2 - 6*u - 5. Let q be (6 + 3)/((-3)/2). Give o(q).
-5
Let g(u) = -u**3 - 4*u**2 - 3*u - 13. Let x be g(-4). Let m(q) = -8*q + 1. Give m(x).
9
Let n(i) = -i**2 + 4*i - 3. Suppose 0 = d + 2*d + 3. Let f(z) = -6*z**3 - z**2 - z. Let v be f(d). Suppose -v*o + 8 = -2*o. Calculate n(o).
1
Let h = 18 + -23. Let l(f) = f**2 + 6*f + 3. Calculate l(h).
-2
Let s = -14 - -14. Suppose -2*z = -5*g + 28, -g + 3*z + 16 = -s*g. Let x(b) = 2*b - 1. What is x(g)?
7
Suppose 2*j = 5*j - 6. Let n = 8 - j. Let i(b) = -b**3 + 6*b**2 + 2*b - 5. Determine i(n).
7
Let x(k) be the third derivative of -k**6/360 - k**5/30 + 5*k**4/24 - k**3/2 + 5*k**2. Let o(n) be the first derivative of x(n). What is o(-5)?
0
Let q(c) = -c - 2. Let a(h) = -h. Let v be a(-2). Let d = -1 + v. Let k be (-3 + d)*25/(-10). Determine q(k).
-7
Suppose -3*l = 3*q + 2*q - 20, 3*l = -2*q + 17. Suppose -a = -l*a. Suppose a = -2*t - y + 13 - 1, 4*t - 4*y = 0. Let v(j) = j. What is v(t)?
4
Let v be (3 + 3)*(-8)/(-12). Let j(k) be the third derivative of 1/60*k**5 + k**3 + k**2 + 0 + 0*k**v + 0*k. Give j(0).
6
Suppose -1 = 5*j - 16. Suppose -3 - j = -3*m. Let t(u) = -6*u**2 + 3*u**m - u - u. Give t(-2).
-8
Let c(a) be the second derivative of -4*a**3/3 + a**2/2 + 25*a. Determine c(2).
-15
Let c(f) = f + 1. Let m be c(-1). Suppose m = -2*q - n - 1, 3 = -2*q - 2*n + 3*n. Let t(x) = -2*x**2 - x. Determine t(q).
-1
Let j(y) be the second derivative of y**5/20 + y**4/12 + y**3/6 + 5*y**2/2 - y. Let p be j(0). Let v(h) = 0*h + h + 3 - p. Give v(-3).
-5
Let b(l) be the second derivative of l**7/105 - l**6/180 + l**5/120 - l**3/6 + 6*l. Let u(m) be the second derivative of b(m). Determine u(1).
7
Let h = -150 - -148. Let y(b) = 1 - 4 + 4 - b. Let p(q) = 9*q - 10. Let r(c) = -2*p(c) - 22*y(c). Calculate r(h).
-10
Let g(v) be the third derivative of 0 + 2*v**2 + 1/6*v**3 + 0*v + 1/15*v**5 - 1/12*v**4. Calculate g(1).
3
Let t(u) = 2*u - 1. Let z(a) = 2*a - 2. Let x(d) = -7*t(d) + 6*z(d). Let i(j) = 4*j**2 + j + 1. Let k be i(-2). Let m be 18/k*20/(-6). Give x(m).
3
Suppose 30 - 5 = 5*v. Let n(o) = o**2 - 3*o**2 + v*o**2 + 4 + o + o**3. Let j = 4 + -7. Calculate n(j).
1
Suppose 0*k = k - 4. Suppose -13 = -2*d - 3. Let m(i) = 5*i - 4 - d*i**2 - 1 + i**3 - i. Calculate m(k).
-5
Let v(f) = f**2 - 12*f - 10. Let i be v(13). Let o(k) = k**2 - k + 2. Calculate o(i).
8
Let q(w) = -w**2 - 6*w - 6. Suppose -4*m = -3*b + 6*b + 30, 3*m = 3*b - 12. Give q(m).
-6
Let m(t) = -t**2 + 7*t + 3. Let a = 0 + 2. Let w be 30/(-4)*10/(-15). Let b be (a/w)/(2/30). Calculate m(b).
9
Let z be (3/2)/((-6)/(-8)). Suppose 3*t = 6*t + z*d + 1, d = -2. Let j be (-3 - -5)*t/2. Let b(f) = -2*f. What is b(j)?
-2
Let c(m) = -m - 4. Suppose -3*g + 6 = -9. Suppose -g*d = -5*x + 40, 5*d + x = 2*d - 8. Determine c(d).
0
Let q(w) = -2*w + 1. Suppose -239*m = -241*m - 10. Give q(m).
11
Let v(b) = -b**2 - 9*b + 8. Suppose 2*y + 2*q - 18 = 4*y, 5*y + 2*q = -45. What is v(y)?
8
Suppose -5*n - 24 - 1 = 0. Let f(p) = 5*p**2 + p + 1. Let l(c) = -1 + 0 + c**2 + 2 - c + 2*c. Let x(q) = f(q) - 6*l(q). Determine x(n).
-5
Let o(a) = a**2 - 7*a. Let f(t) = 5*t**2 + 14*t + 2. Let n be f(-3). Calculate o(n).
-10
Let g(o) = o**3 + 4*o**2 + 2*o + 1. Let f be g(-3). Let y(w) be the second derivative of 1/2*w**2 + 2/3*w**3 + 1/20*w**5 + 3*w - 5/12*w**4 + 0. Calculate y(f).
1
Let i be -3*(1 + 4/(-3)). Let n = -3 + i. Let o(x) = x**3 + 4*x**2 + 2*x. Determine o(n).
4
Let j = -7 - -12. Suppose 3*h + 2*h + j = 0. Let f(k) = -2*k**2 - 2*k + 3*k + 1 + 4*k**2 - 2*k**3 - 3*k**2. Calculate f(h).
1
Let c = 113 + -113. Let z(m) be the third derivative of 5/6*m**3 + c - 1/6*m**4 + 0*m + 3*m**2. What is z(4)?
-11
Let l(b) be the second derivative of -b**3/6 - 4*b**2 + b. Let c = 1 - 3. Let n be 3/(-1) - 6/c. Determine l(n).
-8
Let o(h) = -h**3 + 4*h**2 + 6*h. Let r be ((-3)/6)/(5/(-50)). Determine o(r).
5
Let l(j) = -9 + j + 21 - 11. What is l(-4)?
-3
Suppose 0 = 3*m + u - 5 - 12, -2*m - 5*u + 20 = 0. Let l be ((-10)/20)/((-1)/2). Let z(d) = 2*d**2 - d**2 - l + 5 - 7*d. Give z(m).
-6
Let l(w) = -w**2 + 4*w - 2. Let f be (10/4)/(21/42). What is l(f)?
-7
Suppose 5*p + 3 = 6*p. Let w(n) = n**2 - n - 2. What is w(p)?
4
Let i be (3 - -1)*(-25)/20. Let g(c) = -3*c - 3. Let x(o) = o + 1. Let b(z) = 4*g(z) + 11*x(z). Calculate b(i).
4
Let q(t) = 5*t**2 + 5*t. Let p(r) = 6*r**2 + 4*r + 1. Let f(j) = 4*p(j) - 5*q(j). What is f(-7)?
18
Let x(b) = -12*b**2 + 8*b - 9. Let z(c) = 11*c**2 - 7*c + 8. Let y(p) = 5*x(p) + 6*z(p). What is y(2)?
23
Let l(q) = q - 10. Let t(y) = 0 - 2 + 3 - 2. Let h(p) = l(p) - 6*t(p). Determine h(0).
-4
Let g(q) = -12*q**3 - 4 + 2*q + 2 + 1. Calculate g(1).
-11
Let z(o) be the third derivative of -o**6/360 + o**5/30 - o**4/3 - 4*o**2. Let l(h) be the second derivative of z(h). Give l(4).
-4
Let p = 12 - 7. Suppose 5 = -p*c + 10. Let r(z) be the first derivative of 7*z**4/2 - z**2/2 + z - 1. Determine r(c).
14
Suppose 3*n = n + 50. Suppose -3*q + 9 = -5*p - n, 8 = -4*p - 4*q. Let w(f) be the first derivative of -f**3/3 - 5*f**2/2 - 2*f + 2. Give w(p).
-2
Let n = 8 + -6. Let r(k) = 4*k + k**n - k**2 - k**2 + 5 - 4. What is r(3)?
4
Let l(o) = -o - 4. Let v be 1*(-3 - -4) - 4. Determine l(v).
-1
Let n(l) = -l**2 + 8*l - 8. Let q(c) = c**2 + 14*c + 6. Let y be q(-14). What is n(y)?
4
Let g(h) = -h**2 - 5*h - 3. Suppose -24*i - 8 = -22*i. What is g(i)?
1
Let p(q) = -q**3 - 7*q**2 + 7*q. Let x(v) = -v**2 + v - 1. Let b(k) = p(k) - 4*x(k). Give b(-3).
-5
Let n(b) = -b**2 - b + 1. Let m be n(-2). Let c(j) be the third de